 divided by p?
10
Let l(w) = -w. Let u be (-38)/4 - 3/2. What is the remainder when 43 is divided by l(u)?
10
Let j(r) = r + 1. Let i be j(2). Suppose 0*n = -2*n - s + 1, -3*n + i = s. What is the remainder when 0 + (-29)/(-3 + n) is divided by 10?
9
Let q = -70 + 101. Calculate the remainder when q is divided by 18.
13
Let l(i) = -3*i**2 - 26*i - 3. Calculate the remainder when l(-7) is divided by 5.
2
Let f(n) = n + 1. Suppose 3*a = -a - 4. Let x be f(a). Suppose -5*w - 2*l + 84 = x, -2*w + 2*l + 10 = -18. Calculate the remainder when w is divided by 6.
4
Suppose -4*f - 5 - 16 = -5*g, 2*f + 6 = -2*g. Suppose z + 0 = g. Let l = 13 - z. Calculate the remainder when 34 is divided by l.
10
Suppose -61 = 6*g - 7*g. What is the remainder when g is divided by 16?
13
Let p = -1 + 0. Let r = p + 2. Let w(h) = 28*h. Calculate the remainder when w(r) is divided by 10.
8
Suppose 0 = 2*t - 3*t. Suppose t = j - 4, y = 2*y - j - 306. Suppose -6*c + y = -c. Calculate the remainder when c is divided by 21.
20
Suppose 5*b - 4*b - 12 = 0. Let i(z) = 2*z**2 + 5*z + 17. What is the remainder when i(-6) is divided by b?
11
Suppose -4*c + 200 = -244. Suppose 4*b - h - c = 190, -5 = h. What is the remainder when b is divided by 25?
24
Suppose h = -k + 6, -2*h = k - 4*h. Suppose -5*y = -3*y - 10. What is the remainder when y is divided by k?
1
Let j(f) = -f**2 + 5*f + 6. Let t be j(5). What is the remainder when 7 is divided by (0 - -2)*9/t?
1
Suppose 2*w - 5*s + 54 = 4*w, 4*w + 2*s = 92. Suppose -54 = -5*b + 3*f, b - 5*f - 10 = -4*f. Calculate the remainder when w is divided by 3 + b - (3 - 0).
10
Suppose 0 = 3*z - 49 - 32. What is the remainder when 47 is divided by -1*(-9)/(z/30)?
7
Let o(n) = -n + 2. Let x be o(-8). Let b = 35 - x. Calculate the remainder when b is divided by 9.
7
Let p(x) = x**3 - 2*x**3 + x**2 + 4*x**2 - 5 - 2*x + 0*x**2. What is the remainder when p(4) is divided by 2?
1
Suppose -16 = -3*d - 2*i, -3*d - 4*i + 31 = i. Suppose 0 = f + 5*w - 40, d*w = -4*f - f + 108. Calculate the remainder when 38 is divided by f.
18
Let h = -25 + 41. What is the remainder when 30 is divided by h?
14
Let p = 113 + -78. What is the remainder when 101 is divided by p?
31
Suppose 3*r + 11 = 62. What is the remainder when r is divided by 6?
5
Let g be 3/(-5) + 6/10. Let k(u) = -u**3 - u**2 + 10. Calculate the remainder when 29 is divided by k(g).
9
Let y = 7 - -2. What is the remainder when y is divided by 6?
3
Suppose -1 = -n, -x - n = -2*x + 5. Calculate the remainder when x is divided by 2.
0
Suppose 3*d - 13 = 17. Let i be -2 + d + 2 + -1. Let j = 18 - i. Calculate the remainder when j is divided by 5.
4
Let v(t) = t**3 + 5*t**2. Calculate the remainder when v(-3) is divided by 11.
7
Suppose 2 = 3*k - 10, -2*k - 31 = -3*c. Let m(n) = 2*n**2 + 3. Let z be m(6). Calculate the remainder when (z/9)/((-2)/(-6)) is divided by c.
12
Suppose -2*n + d + 62 = 0, 56 = 3*n - n - 4*d. Calculate the remainder when 94 is divided by n.
30
Suppose y + 6 = 3*y. Let z be 18/2*(y + -4). Calculate the remainder when 4 is divided by z/(-4) + (-3)/12.
0
Let i(k) = 20*k - 70. What is the remainder when 61 is divided by i(5)?
1
Calculate the remainder when 68 is divided by (3 + 32)*(-6)/(-6).
33
Let i(j) = -j - 8. Let r(a) = -a + 1. Let l(m) = i(m) + 4*r(m). Calculate the remainder when l(-12) is divided by 19.
18
Suppose 3*u + 0*i - 129 = 3*i, 5*i + 129 = 3*u. What is the remainder when u is divided by 11?
10
Suppose d - 9 = 5*h, 3*d - h - 39 = 2*h. Calculate the remainder when 40 is divided by d.
12
Suppose 29 = 5*y - 31. What is the remainder when 46 is divided by y?
10
Suppose -9 = -4*p - 37. What is the remainder when (-1*(11 + 0))/(-1) is divided by (2 - 1)*p/(-1)?
4
Suppose 0 = -s + 2*s - 92. Let t = s - 19. What is the remainder when t is divided by 25?
23
Suppose -55 = -2*y + 21. Calculate the remainder when y is divided by 10.
8
Suppose -4*b = 4, x - 14 = -8*b + 3*b. What is the remainder when 55 is divided by x?
17
Suppose 0 = -6*z + 10*z - 148. What is the remainder when z is divided by 8?
5
Let x(l) = l**3 + 6*l**2 + 6*l. Let z be x(-4). Suppose 0 = -r - 5, 0 = -4*v - 5*r + r - z. Calculate the remainder when 47 is divided by 16*(27/12)/v.
11
What is the remainder when 226/10 + (-4)/(-10) is divided by -5*6*4/(-15)?
7
Suppose -3 + 23 = -5*a + 5*u, 20 = -5*a - 4*u. What is the remainder when (-3)/(-1 - a) - -26 is divided by 14?
11
Let o = 30 + -24. What is the remainder when o is divided by 3?
0
Let g(f) = f - 2. Let d be g(7). Suppose 0 = d*w + 47 - 432. Calculate the remainder when w is divided by 20.
17
Let w(k) = -6*k + 1. Let n be (-20)/15*(2 + 1). What is the remainder when w(n) is divided by 7?
4
Let l(t) = -t + 9. Let i = 1 - -11. What is the remainder when l(-13) is divided by i?
10
Suppose -2*p + 4 = -10. Let m = 51 + -93. What is the remainder when 46 is divided by (16/(-6))/(p/m)?
14
Calculate the remainder when 39 is divided by (-5 - 58/(-12)) + (-205)/(-6).
5
Let b = 23 - 14. Calculate the remainder when 17 is divided by b.
8
Suppose 0 = 2*m + 3*m - 25. Suppose 3*s = 5*s - 4*t - 68, m*t = -20. What is the remainder when s is divided by 7?
5
Suppose -4*t - 5*j = -24, 0 = -5*t + 2*j - 3 - 0. Calculate the remainder when t is divided by 1.
0
Let x = -13 + 18. Suppose 2 = -4*m - 2*s, 2*m - 19 - 10 = x*s. Suppose 0*t = m*t + 4, -4*h - 2*t = -8. Calculate the remainder when 7 is divided by h.
1
What is the remainder when (-3)/(-3)*-3 - -34 is divided by 17?
14
Suppose 2*q - t - 130 - 4 = 0, -3*q - t = -196. Suppose 14 = 4*l + 4*z - q, 5*z = 2*l - 61. What is the remainder when l is divided by (-43)/(-3) + (-12)/9?
10
Let t be 1*18*6/4. Suppose 5*a - 2*a + t = 0. What is the remainder when 15 is divided by 2*12/(a/(-3))?
7
Let l(d) = -d**3 - 5*d**2 + 9*d + 7. Let s be l(-6). Let g = 17 + s. Suppose 3*k = 39 + g. What is the remainder when k is divided by 8?
7
Suppose 4 - 3 = 2*h - 5*a, -9 = 2*h + 5*a. Suppose -4*g - g = -20, 4*m = 5*g. Calculate the remainder when 32 is divided by h/m + (-171)/(-15).
10
Let v = 127 + -58. What is the remainder when v is divided by 14?
13
What is the remainder when 37 is divided by 2/((-15)/4 + 4)?
5
Suppose -2*g = -5*s + 190 + 180, -3*s + g + 223 = 0. Suppose 3*u + 6 = 0, -36 = -3*q + 5*u + 52. Calculate the remainder when s is divided by q.
24
Let i(o) = -o + 40. Let v(m) = -m - 1. Let r be v(2). Let f be (-3)/(r - -2) - 3. Calculate the remainder when i(f) is divided by 14.
12
Suppose -3*u - 56 = -2*m + 7, 0 = -m + 3*u + 27. Calculate the remainder when m is divided by 13.
10
Calculate the remainder when 6 is divided by (4 - 0)/(7 + -5).
0
Let h be (-12)/54 - (-1372)/18. Suppose -l + f = -h + 19, -227 = -4*l + 5*f. Suppose -b - 2 = -17. What is the remainder when l is divided by b?
13
Suppose 3*z + 18 + 141 = 3*a, 2*z = -a + 47. Let w = a + -30. Suppose -31 = -f + w. What is the remainder when f is divided by 18?
16
Suppose -4*a + 10*a = 48. Calculate the remainder when 31 is divided by a.
7
What is the remainder when ((-3)/2)/(37/(-12) - -3) is divided by 10?
8
Let l = -56 - -150. Calculate the remainder when l is divided by 16.
14
Suppose -3*j + 4*m - 11 = 0, -6*j - m = -j - 20. Suppose 0*x - t + j = 3*x, 0 = -5*t. What is the remainder when 16 is divided by 7 + 3/3 + x?
7
Let a be (-42)/(-4)*20/(-6). Let v = -17 - a. What is the remainder when v is divided by (-2 - -1) + 11 - 0?
8
Suppose 3*w = 127 - 4. What is the remainder when w is divided by 14?
13
Let o = -5 + 17. Calculate the remainder when ((-28)/o)/((-2)/30) is divided by 9.
8
Suppose 7*a = 4*a + 285. What is the remainder when a is divided by 48?
47
Suppose -28 = -t - 2*n + 9, -5*t + 2*n = -149. Suppose -h + 5*h - 38 = 3*j, -2 = -j. What is the remainder when t is divided by h?
9
Let x(p) = -2*p + 3*p + 3 - 1. What is the remainder when 7 is divided by x(2)?
3
What is the remainder when 290/15 + -1 + (-6)/(-9) is divided by 5?
4
Suppose 2*i + 70 = -3*i. What is the remainder when (-108)/i + (-4)/(-14) is divided by 3?
2
Let m = 5 + 1. Suppose h = -h + 20. What is the remainder when h is divided by m?
4
Suppose 0 = -2*g + 4 + 4, -96 = -5*i - 4*g. Suppose -58 = -2*y - i. Calculate the remainder when y is divided by 11.
10
Suppose -38 = -p + 2*h, -4*p + 5*h + 84 = -